8 a multiple of 16?
False
Is 8701 a multiple of 7?
True
Does 33 divide 2210?
False
Is 23 a factor of 17248?
False
Is 45 a factor of 695?
False
Is 340 a multiple of 10?
True
Is 18 a factor of 510?
False
Is 125 a factor of 179?
False
Is 165 a multiple of 15?
True
Does 42 divide 20347?
False
Is 8 a factor of 7402?
False
Does 6 divide 18270?
True
Is 273 a factor of 41859?
False
Is 20 a factor of 3386?
False
Is 16605 a multiple of 77?
False
Does 36 divide 19021?
False
Is 102 a factor of 7446?
True
Is 153 a factor of 38556?
True
Is 2127 a multiple of 4?
False
Is 46 a multiple of 6?
False
Does 34 divide 4378?
False
Is 10537 a multiple of 84?
False
Is 2 a factor of 599?
False
Is 567 a multiple of 27?
True
Does 22 divide 513?
False
Is 45 a factor of 49952?
False
Is 2814 a multiple of 42?
True
Is 196 a multiple of 28?
True
Is 19 a factor of 1406?
True
Does 68 divide 6664?
True
Is 1218 a multiple of 58?
True
Does 32 divide 2516?
False
Does 45 divide 43386?
False
Is 397 a multiple of 10?
False
Is 622 a multiple of 8?
False
Does 3 divide 21?
True
Is 1415 a multiple of 19?
False
Is 145 a factor of 17162?
False
Is 9 a factor of 4562?
False
Does 20 divide 2120?
True
Is 21 a factor of 90573?
True
Does 4 divide 121?
False
Is 26 a factor of 286?
True
Is 6 a factor of 134?
False
Is 626 a multiple of 27?
False
Does 49 divide 1814?
False
Is 10 a factor of 8850?
True
Does 55 divide 2585?
True
Is 12 a factor of 1008?
True
Is 11 a factor of 356?
False
Is 396 a multiple of 22?
True
Does 15 divide 11500?
False
Is 45 a factor of 1530?
True
Does 42 divide 3596?
False
Is 2427 a multiple of 45?
False
Is 301 a multiple of 43?
True
Is 240 a multiple of 16?
True
Does 26 divide 602?
False
Does 8 divide 256?
True
Is 4 a factor of 210?
False
Is 3 a factor of 98?
False
Does 156 divide 3588?
True
Is 48680 a multiple of 40?
True
Is 12 a factor of 95676?
True
Is 23 a factor of 2001?
True
Is 918 a multiple of 8?
False
Does 23 divide 107?
False
Does 18 divide 10836?
True
Does 109 divide 9047?
True
Does 15 divide 51497?
False
Does 20 divide 1520?
True
Does 28 divide 344?
False
Is 3 a factor of 77?
False
Is 40 a factor of 2160?
True
Is 10 a factor of 290?
True
Is 7 a factor of 840?
True
Does 14 divide 966?
True
Is 7 a factor of 95059?
False
Is 3211 a multiple of 13?
True
Does 18 divide 59?
False
Is 22 a factor of 733?
False
Is 68 a multiple of 62?
False
Is 5 a factor of 9085?
True
Is 121770 a multiple of 54?
True
Is 4998 a multiple of 98?
True
Is 17 a factor of 323?
True
Does 13 divide 4385?
False
Does 36 divide 21309?
False
Is 3 a factor of 174?
True
Is 15 a factor of 32239?
False
Does 11 divide 21590?
False
Is 89 a multiple of 54?
False
Is 56366 a multiple of 136?
False
Does 6 divide 180?
True
Is 1698 a multiple of 13?
False
Is 11 a factor of 2782?
False
Is 10 a factor of 1921?
False
Is 2817 a multiple of 9?
True
Is 51481 a multiple of 19?
False
Is 51 a factor of 51?
True
Does 19 divide 21166?
True
Is 91 a factor of 20111?
True
Does 15 divide 38370?
True
Is 41 a factor of 4291?
False
Does 5 divide 382?
False
Is 8125 a multiple of 65?
True
Is 1488 a multiple of 6?
True
Is 43 a multiple of 20?
False
Is 12784 a multiple of 47?
True
Is 1470 a multiple of 35?
True
Is 9 a factor of 197?
False
Does 110 divide 1430?
True
Does 24 divide 5529?
False
Is 13728 a multiple of 48?
True
Is 6573 a multiple of 5?
False
Does 38 divide 2405?
False
Does 135 divide 47925?
True
Is 940 a multiple of 94?
True
Is 23 a factor of 48039?
False
Is 261 a multiple of 29?
True
Does 32 divide 128?
True
Does 68 divide 6392?
True
Does 90 divide 1078?
False
Does 5 divide 925?
True
Is 67 a factor of 16359?
False
Is 28 a factor of 61563?
False
Is 6 a factor of 240?
True
Does 20 divide 100?
True
Is 31 a factor of 26319?
True
Does 4 divide 159?
False
Is 2666 a multiple of 20?
False
Does 30 divide 55350?
True
Is 2605 a multiple of 5?
True
Does 91 divide 44100?
False
Is 4060 a multiple of 3?
False
Is 10 a factor of 1670?
True
Is 213 a multiple of 3?
True
Is 140 a multiple of 14?
True
Does 26 divide 558?
False
Is 112 a multiple of 12?
False
Does 10 divide 8850?
True
Does 198 divide 8910?
True
Is 392 a multiple of 28?
True
Is 3755 a multiple of 5?
True
Is 22 a factor of 10538?
True
Does 30 divide 448?
False
Does 17 divide 807?
False
Does 12 divide 1800?
True
Is 374 a multiple of 35?
False
Is 122 a multiple of 3?
False
Does 4 divide 6122?
False
Is 50 a factor of 2050?
True
Is 85 a factor of 63580?
True
Is 91 a factor of 276?
False
Does 20 divide 380?
True
Is 37 a factor of 1221?
True
Is 13 a factor of 46315?
False
Does 137 divide 1370?
True
Is 5658 a multiple of 138?
True
Does 12 divide 48840?
True
Is 3926 a multiple of 13?
True
Is 86 a factor of 5160?
True
Does 119 divide 10829?
True
Is 123 a multiple of 41?
True
Is 6036 a multiple of 12?
True
Is 559 a multiple of 43?
True
Does 45 divide 125148?
False
Is 5 a factor of 69380?
True
Is 87 a factor of 98474?
False
Is 40051 a multiple of 121?
True
Is 1944 a multiple of 12?
True
Is 230 a factor of 30526?
False
Is 24191 a multiple of 96?
False
Is 46 a factor of 1644?
False
Is 2115 a multiple of 15?
True
Is 1470 a multiple of 49?
True
Is 6 a factor of 2772?
True
Does 7 divide 21?
True
Is 12 a factor of 70464?
True
Is 89 a factor of 1791?
False
Does 3 divide 387?
True
Is 5 a factor of 2315?
True
Is 17 a factor of 459?
True
Does 33 divide 825?
True
Is 5 a factor of 531?
False
Is 2068 a multiple of 44?
True
Does 20 divide 4022?
False
Does 32 divide 352?
True
Does 217 divide 20708?
False
Does 19 divide 380?
True
Is 1737 a multiple of 9?
True
Is 322 a multiple of 23?
True
Is 2737 a multiple of 110?
False
Is 13894 a multiple of 6?
False
Is 12 a factor of 884?
False
Is 1248 a multiple of 8?
True
Is 7 a factor of 420?
True
Is 480 a multiple of 12?
True
Does 4 divide 360?
True
Is 15 a factor of 1140?
True
Is 3306 a multiple of 19?
True
Does 4 divide 920?
True
Is 21 a factor of 1349?
False
Is 5986 a multiple of 73?
True
Does 26 divide 52962?
True
Does 11 divide 6565?
False
Is 21 a factor of 2268?
True
Is 9000 a multiple of 150?
True
Is 3609 a multiple of 21?
False
Does 190 divide 14052?
False
Is 17 a factor of 230?
False
Does 26 divide 196?
False
Is 1957 even?
False
Is 2665 a multiple of 65?
True
Does 4 divide 28?
True
Is 26 a factor of 76850?
False
Is 10350 a multiple of 23?
True
Is 99 a multiple of 11?
True
Is 43788 a multiple of 89?
True
Does 3 divide 65?
False
Is 40 a factor of 2252?
False
Does 69 divide 509?
False
Is 1301 a multiple of 11?
False
Is 28 a factor of 7812?
True
Does 14 divide 5779?
False
Does 36 divide 3312?
True
Does 30 divide 53326?
False
Is 4088 a multiple of 146?
True
Is 71 a factor of 35251?
False
Does 37 divide 33325?
False
Is 9 a factor of 2652?
False
Is 104 a factor of 1595?
False
Does 126 divide 36036?
True
Is 17 a factor of 969?
True
Does 7 divide 3738?
True
Is 149 a factor of 5383?
False
Does 11 divide 35187?
False
Is 9336 a multiple of 12?
True
Is 33 a multiple of 10?
False
Is 52 a factor of 728?
True
Does 9 divide 2880?
True
Does 70 divide 4194?
False
Is 17 a factor of 357?
True
Does 64 divide 5696?
True
Does 13 divide 1950?
True
Does 18 divide 10121?
False
Is 48 a factor of 1152?
True
Is 71 a factor of 292?
False
Is 15 a factor of 3990?
True
Is 1404 a multiple of 39?
True
Does 61 divide 514?
False
Does 37 divide 939?
False
Is 1879 a multiple of 4?
False
Is 11 a factor of 1727?
True
Does 34 divide 307?
False
Does 22 divide 820?
False
Is 40864 a multiple of 129?
False
Is 4144 a multiple of 16?
True
Does 40 divide 6886?
False
Does 50 divide 79825?
False
Is 605 a multiple of 55?
True
Is 2028 a multiple of 12?
True
Does 13 divide 602?
False
Does 39 divide 741?
True
Is 5213 a multiple of 4?
False
Is 550 a multiple of 55?
True
Does 7 divide 1084?
False
Does 59 divide 1003?
True
Does 66 divide 726?
True
Is 9 a factor of 61771?
False
Is 34 a factor of 136?
True
Is 490 a multiple of 70?
True
Does 102 divide 52428?
True
Does 101 divide 3547?
False
Is 23073 a multiple of 21?
False
Is 3626 a multiple of 14?
True
Does 13 divide 90119?
False
Does 14 divide 4509?
False
Is 371 a multiple of 41?
False
Does 87 divide 58938?
False
Is 7 a factor of 217?
True
Does 18 divide 72198?
True
Is 10 a factor of 320?
True
Is 3131 a multiple of 113?
False
Is 68137 a multiple of 42?
False
Is 4